 - -100001010?
-1111111000101101000
In base 9, what is -136 - 77345?
-77482
In base 7, what is 556 + 4342025?
4342614
In base 4, what is -20211 + 3230330223?
3230310012
In base 3, what is -101202120021 - -2?
-101202120012
In base 3, what is 11222222 + 21002020?
110002012
In base 8, what is 2540035 - 512?
2537323
In base 4, what is 2203203030 - -1103?
2203210133
In base 14, what is 4 + 15b65bc3?
15b65bc7
In base 2, what is -10000 - 1110000101111111011?
-1110000110000001011
In base 9, what is -5342 - 17445?
-23787
In base 6, what is 22554553 - 220?
22554333
In base 8, what is 10 - -234346374?
234346404
In base 10, what is -31 - -1415629?
1415598
In base 2, what is -110011001 + 1110111000000010?
1110110001101001
In base 7, what is -3 - 1533566231?
-1533566234
In base 15, what is 35a214a - 0?
35a214a
In base 13, what is 2551 - -274?
27c5
In base 8, what is 343336 - 1167?
342147
In base 4, what is 11 + -12013033100?
-12013033023
In base 14, what is -2 - 969bb54?
-969bb56
In base 14, what is -2 + 2a4b6ad?
2a4b6ab
In base 13, what is 3a5c498 + -2a?
3a5c46b
In base 2, what is 10001110001 - 1100111010010011?
-1100101000100010
In base 8, what is -31 - 74322207?
-74322240
In base 13, what is 7b + 9597bc?
95986a
In base 12, what is 219051 + -59?
218bb4
In base 10, what is 245 - 3409801?
-3409556
In base 5, what is -140120001201 + -10?
-140120001211
In base 12, what is -b1 - -71840?
7174b
In base 6, what is 552 + 200302?
201254
In base 7, what is -34353611 + 1?
-34353610
In base 9, what is 578723 + 1?
578724
In base 13, what is 11ab + 1060a?
117b8
In base 9, what is 630407 - 818?
628478
In base 3, what is 1 - -210110222100002?
210110222100010
In base 5, what is -30404323 - 2031?
-30411404
In base 8, what is -47214337 + 3?
-47214334
In base 9, what is 82163510 - 1?
82163508
In base 2, what is -11011110010110010 + -1010001110?
-11011111101000000
In base 11, what is 1a119 - 2650?
17579
In base 11, what is -2006 - 35748?
-37753
In base 4, what is 1313 + -102031330210?
-102031322231
In base 5, what is -220400 + -334224?
-1110124
In base 3, what is -2021222012002220 - 2?
-2021222012002222
In base 5, what is -1103 - -21421023?
21414420
In base 10, what is -3 + 960399?
960396
In base 3, what is -1112210201211022122 + 0?
-1112210201211022122
In base 15, what is -3 + -1810bbb?
-1810bbe
In base 9, what is -107622 - 25?
-107647
In base 11, what is -2054aa8 + -79?
-2055076
In base 6, what is 455410 + 13432?
513242
In base 7, what is -1304616 + 64?
-1304522
In base 14, what is -55 + a201?
a18a
In base 11, what is 8209 + 55275?
62483
In base 13, what is 12417 + -31a?
120ca
In base 14, what is 8bac - -a1?
8c6d
In base 5, what is 4 + -421101222140?
-421101222131
In base 9, what is -2123 + -60146?
-62270
In base 6, what is 1240442 + 244?
1241130
In base 13, what is -7225 - -a899?
3674
In base 4, what is 100 - 1332332101?
-1332332001
In base 16, what is -2748 + 6475?
3d2d
In base 11, what is -2 + 1541189?
1541187
In base 4, what is -13123 + -11202200?
-11221323
In base 4, what is -3100300 + -21120120?
-30221020
In base 2, what is -110111100110001000 + -100001?
-110111100110101001
In base 4, what is -32121 - 102220003?
-102312130
In base 14, what is -1 - -5a987c2?
5a987c1
In base 9, what is -122265821 + 0?
-122265821
In base 12, what is -16a691 - 122?
-16a7b3
In base 14, what is d63 + 1951?
28b4
In base 13, what is -6 + -15582c8?
-1558301
In base 13, what is -78 - -1a502b?
1a4c83
In base 12, what is 4 - -285526?
28552a
In base 12, what is -53 + 3156666?
3156613
In base 6, what is -10432335425 + 3?
-10432335422
In base 11, what is 1 + 23175a9?
23175aa
In base 16, what is -e0ff - 5fe?
-e6fd
In base 14, what is 7 + -5000b?
-50004
In base 7, what is -10142 + -41532?
-52004
In base 4, what is 11 - -23203032210012?
23203032210023
In base 9, what is -5 - 328265?
-328271
In base 10, what is 13539 - 13704?
-165
In base 7, what is -136104036330 + 4?
-136104036323
In base 7, what is 24204 - 4352?
16522
In base 10, what is 2 + -124854577?
-124854575
In base 7, what is -216143560 + 3?
-216143554
In base 3, what is 100111201001220002 + -12?
100111201001212220
In base 2, what is 1011100011010111010101 + -1?
1011100011010111010100
In base 8, what is 2 + -25671513?
-25671511
In base 13, what is -124 + a39?
915
In base 13, what is -7689c1 + 1?
-7689c0
In base 12, what is -15b09a + 197?
-15ab03
In base 11, what is -69722812 - 2?
-69722814
In base 3, what is -200020 + -102212120012?
-102220020102
In base 12, what is 5733b1 + 2?
5733b3
In base 7, what is -430643 + -32320?
-463263
In base 10, what is 74380 + -634?
73746
In base 8, what is -67 - 744034?
-744123
In base 10, what is -4 + 1512860?
1512856
In base 12, what is -27aaa3 + -1?
-27aaa4
In base 9, what is 4428 - 138?
4280
In base 13, what is -3aa2c + 195?
-3a867
In base 5, what is 3 + 1434301441?
1434301444
In base 5, what is 2114244 - 1113?
2113131
In base 5, what is -4 + -310023120?
-310023124
In base 6, what is 324312 + 4451?
333203
In base 7, what is -3253455 + 160?
-3253265
In base 12, what is -3158048 + 31?
-3158017
In base 9, what is -736230 + 485?
-735634
In base 6, what is 1135 + -1435152?
-1434013
In base 16, what is 4af20a + 1?
4af20b
In base 13, what is -766 - -1a9?
-58a
In base 3, what is -2 - -1111220202221000?
1111220202220221
In base 8, what is 5762 - 1275655?
-1267673
In base 2, what is -100010111010001000101 + 110?
-100010111010000111111
In base 4, what is -1100020013 - 2?
-1100020021
In base 11, what is -971491 - 10?
-9714a1
In base 15, what is 8555124 - 5?
855511e
In base 4, what is 2012122113 + 31?
2012122210
In base 9, what is -10842 - -22865?
12023
In base 6, what is 1422 - 3053223?
-3051401
In base 7, what is 12300266 + -346?
12266620
In base 15, what is -7145a - -44?
-71416
In base 7, what is 1464561 + -1054?
1463504
In base 14, what is -1d1ac + 184b?
-1b761
In base 14, what is -23658 + b?
-2364b
In base 11, what is 33682 - -460?
34032
In base 3, what is -21001001110212101 - -1?
-21001001110212100
In base 2, what is 10101110100000 - -1000001101010110?
1010111011110110
In base 12, what is 212599 - 136?
212463
In base 10, what is 376399 - -10?
376409
In base 5, what is 102314 - 4000134?
-3342320
In base 5, what is 30 + -24143413?
-24143333
In base 10, what is 5697 - -1530?
7227
In base 11, what is 4108a64 - -6?
4108a6a
In base 14, what is -2 - -262204bd?
262204bb
In base 5, what is 342 - -132010400?
132011242
In base 11, what is 52 - 3aa68a?
-3aa638
In base 9, what is 4 + 20337521?
20337525
In base 13, what is -303b0 + -2c88?
-33368
In base 10, what is -27644 + -2283?
-29927
In base 8, what is -5 + -773213731?
-773213736
In base 9, what is -7555 - -2077?
-5467
In base 10, what is -1968 - -4423?
2455
In base 3, what is -202102 - 2222221112200?
-2222222022002
In base 3, what is -1 - -1200220220201102?
1200220220201101
In base 11, what is -11 - -a714a94?
a714a83
In base 14, what is 70ab6 + -649?
7046b
In base 11, what is -22 - -913802?
913790
In base 14, what is dca70b + 4?
dca711
In base 15, what is 14994c + -364?
1495d8
In base 7, what is 4 + 300230545?
300230552
In base 6, what is -2415 + -203302?
-210121
In base 12, what is 1b59380 + -6?
1b59376
In base 14, what is -1 + 9368571?
9368570
In base 13, what is -20149 + -ab?
-20227
In base 16, what is -6 - -330616?
330610
In base 5, what is -130124 + 221422?
41243
In base 12, what is -2895 - -18a?
-2707
In base 4, what is -22030303201 + 2113?
-22030301022
In base 9, what is -16 - 3070653?
-3070670
In base 8, what is 250577176 - 1?
250577175
In base 16, what is 14c6b362 + -3?
14c6b35f
In base 13, what is 3c3b1 - -26?
3c407
In base 15, what is -38bc - -ab4?
-2d08
In base 15, what is 2e + -11494?
-11465
In base 8, what is 2 + 5515257?
5515261
In base 2, what is -101110000111100001 - 11101?
-101110000111111110
In base 6, what is 35400423045 - -4?
35400423053
In base 14, what is -5 + 6c94b8?
6c94b3
In base 9, what is 47 - 5040811?
-5040753
In base 9, what is 166 + -1258?
-1082
In base 14, what is -5 - -104053c5?
104053c0
In base 5, what is -11113122 + 2444?
-11110123
In base 15, what is 100583 - 112?
100471
In base 12, what is 1147 - abb?
248
In base 15, what is e + 1d581a?
1d5829
In base 4, what is -220133 + 1312133303?
1311313110
In base 16, what is -15a + 10d9?
f7f
In b